{"id":78,"date":"2017-05-01T16:19:36","date_gmt":"2017-05-01T19:19:36","guid":{"rendered":"http:\/\/www.ipep.com.br\/ipep_wp\/?page_id=78"},"modified":"2018-02-01T15:55:30","modified_gmt":"2018-02-01T17:55:30","slug":"radiotv-e-multimidia","status":"publish","type":"page","link":"https:\/\/www.ipep.com.br\/site\/graduacao\/bacharelado\/radiotv-e-multimidia\/","title":{"rendered":"Comunica\u00e7\u00e3o Social: R\u00e1dio TV e Multim\u00eddia"},"content":{"rendered":"","protected":false},"excerpt":{"rendered":"","protected":false},"author":5,"featured_media":0,"parent":34,"menu_order":4,"comment_status":"closed","ping_status":"closed","template":"","meta":{"footnotes":""},"_links":{"self":[{"href":"https:\/\/www.ipep.com.br\/site\/wp-json\/wp\/v2\/pages\/78"}],"collection":[{"href":"https:\/\/www.ipep.com.br\/site\/wp-json\/wp\/v2\/pages"}],"about":[{"href":"https:\/\/www.ipep.com.br\/site\/wp-json\/wp\/v2\/types\/page"}],"author":[{"embeddable":true,"href":"https:\/\/www.ipep.com.br\/site\/wp-json\/wp\/v2\/users\/5"}],"replies":[{"embeddable":true,"href":"https:\/\/www.ipep.com.br\/site\/wp-json\/wp\/v2\/comments?post=78"}],"version-history":[{"count":3,"href":"https:\/\/www.ipep.com.br\/site\/wp-json\/wp\/v2\/pages\/78\/revisions"}],"predecessor-version":[{"id":357,"href":"https:\/\/www.ipep.com.br\/site\/wp-json\/wp\/v2\/pages\/78\/revisions\/357"}],"up":[{"embeddable":true,"href":"https:\/\/www.ipep.com.br\/site\/wp-json\/wp\/v2\/pages\/34"}],"wp:attachment":[{"href":"https:\/\/www.ipep.com.br\/site\/wp-json\/wp\/v2\/media?parent=78"}],"curies":[{"name":"wp","href":"https:\/\/api.w.org\/{rel}","templated":true}]}}

Comunicação Social: Rádio TV e Multimídia
