{"id":570,"date":"2017-09-07T17:36:12","date_gmt":"2017-09-07T20:36:12","guid":{"rendered":"https:\/\/www.ipep.com.br\/site\/?page_id=570"},"modified":"2017-09-07T17:43:26","modified_gmt":"2017-09-07T20:43:26","slug":"ciencias-policiais-seguranca-e-ordem-publica","status":"publish","type":"page","link":"https:\/\/www.ipep.com.br\/site\/extensao\/pepcex\/pos-graduacao\/ciencias-policiais-seguranca-e-ordem-publica\/","title":{"rendered":"Ci\u00eancias Policiais, Seguran\u00e7a e Ordem P\u00fablica"},"content":{"rendered":"","protected":false},"excerpt":{"rendered":"","protected":false},"author":5,"featured_media":0,"parent":562,"menu_order":1,"comment_status":"closed","ping_status":"closed","template":"","meta":{"footnotes":""},"_links":{"self":[{"href":"https:\/\/www.ipep.com.br\/site\/wp-json\/wp\/v2\/pages\/570"}],"collection":[{"href":"https:\/\/www.ipep.com.br\/site\/wp-json\/wp\/v2\/pages"}],"about":[{"href":"https:\/\/www.ipep.com.br\/site\/wp-json\/wp\/v2\/types\/page"}],"author":[{"embeddable":true,"href":"https:\/\/www.ipep.com.br\/site\/wp-json\/wp\/v2\/users\/5"}],"replies":[{"embeddable":true,"href":"https:\/\/www.ipep.com.br\/site\/wp-json\/wp\/v2\/comments?post=570"}],"version-history":[{"count":1,"href":"https:\/\/www.ipep.com.br\/site\/wp-json\/wp\/v2\/pages\/570\/revisions"}],"predecessor-version":[{"id":572,"href":"https:\/\/www.ipep.com.br\/site\/wp-json\/wp\/v2\/pages\/570\/revisions\/572"}],"up":[{"embeddable":true,"href":"https:\/\/www.ipep.com.br\/site\/wp-json\/wp\/v2\/pages\/562"}],"wp:attachment":[{"href":"https:\/\/www.ipep.com.br\/site\/wp-json\/wp\/v2\/media?parent=570"}],"curies":[{"name":"wp","href":"https:\/\/api.w.org\/{rel}","templated":true}]}}